{"id":164,"date":"2017-01-27T19:33:20","date_gmt":"2017-01-27T19:33:20","guid":{"rendered":"http:\/\/www.dachbau-schmid.de\/?page_id=164"},"modified":"2019-10-08T15:04:35","modified_gmt":"2019-10-08T14:04:35","slug":"impressum","status":"publish","type":"page","link":"https:\/\/www.dachbau-schmid.de\/?page_id=164","title":{"rendered":"Impressum"},"content":{"rendered":"<p>[et_pb_section fb_built=&#8220;1&#8243; admin_label=&#8220;section&#8220; _builder_version=&#8220;3.22&#8243; background_color=&#8220;#dcdcdc&#8220; fb_built=&#8220;1&#8243; _i=&#8220;0&#8243; _address=&#8220;0&#8243;][et_pb_row admin_label=&#8220;row&#8220; _builder_version=&#8220;3.25&#8243; background_size=&#8220;initial&#8220; background_position=&#8220;top_left&#8220; background_repeat=&#8220;repeat&#8220; _i=&#8220;0&#8243; _address=&#8220;0.0&#8243;][et_pb_column type=&#8220;4_4&#8243; _builder_version=&#8220;3.25&#8243; custom_padding=&#8220;|||&#8220; _i=&#8220;0&#8243; _address=&#8220;0.0.0&#8243; custom_padding__hover=&#8220;|||&#8220;][et_pb_text admin_label=&#8220;Impressum&#8220; _builder_version=&#8220;3.27.4&#8243; text_text_color=&#8220;#dcdcdc&#8220; background_size=&#8220;initial&#8220; background_position=&#8220;top_left&#8220; background_repeat=&#8220;repeat&#8220; _i=&#8220;0&#8243; _address=&#8220;0.0.0.0&#8243;]<\/p>\n<h1 style=\"text-align: left;\">Impressum<\/h1>\n<p>[\/et_pb_text][et_pb_divider disabled_on=&#8220;on|on|off&#8220; _builder_version=&#8220;3.2&#8243; _i=&#8220;1&#8243; _address=&#8220;0.0.0.1&#8243;]&nbsp;<br \/>\n[\/et_pb_divider][et_pb_text admin_label=&#8220;Zimmerei Schmid GmbH&#8220; _builder_version=&#8220;3.29.3&#8243; background_size=&#8220;initial&#8220; background_position=&#8220;top_left&#8220; background_repeat=&#8220;repeat&#8220; custom_padding=&#8220;15px|||&#8220; hover_enabled=&#8220;0&#8243; _i=&#8220;2&#8243; _address=&#8220;0.0.0.2&#8243;]<\/p>\n<p><strong>Zimmerei Schmid GmbH<\/strong><br \/> Buchloer Str. 63<br \/> 86853 Langerringen<\/p>\n<p>Telefon: <span class=\"_Xbe _ZWk kno-fv\"><span data-dtype=\"d3ph\">+49 8232\u00a04570<\/span><\/span><br \/> Telefax:+49 8232 74694<br \/> info@dachbau-schmid.de<\/p>\n<p>[\/et_pb_text][et_pb_divider disabled_on=&#8220;on|on|off&#8220; _builder_version=&#8220;3.2&#8243; _i=&#8220;3&#8243; _address=&#8220;0.0.0.3&#8243;]&nbsp;<br \/>\n[\/et_pb_divider][et_pb_text admin_label=&#8220;Haftungshinweis&#8220; _builder_version=&#8220;3.27.4&#8243; background_size=&#8220;initial&#8220; background_position=&#8220;top_left&#8220; background_repeat=&#8220;repeat&#8220; custom_padding=&#8220;15px||15px|&#8220; _i=&#8220;4&#8243; _address=&#8220;0.0.0.4&#8243;]Umsatzsteuer-Identifikationsnummer gem\u00e4\u00df \u00a7 27 a Umsatzsteuergesetz: DE127503194<\/p>\n<p>Gesellschaft eingetragen im Handelsregister Amtsgericht Augsburg HRB 9057<\/p>\n<p>Gesch\u00e4ftsf\u00fchrer: Alfons Schmid, Ulrich Schmid<\/p>\n<p><strong>Haftungshinweis:<\/strong><\/p>\n<p>Trotz sorgf\u00e4ltiger inhaltlicher Kontrolle \u00fcbernehmen wir keine Haftung f\u00fcr die Inhalte externer Links. F\u00fcr den Inhalt der verlinkten Seiten sind ausschlie\u00dflich deren Betreiber verantwortlich.<br \/>\n[\/et_pb_text][\/et_pb_column][\/et_pb_row][et_pb_row _builder_version=&#8220;3.25&#8243; custom_padding=&#8220;||100px|&#8220; _i=&#8220;1&#8243; _address=&#8220;0.1&#8243; column_structure=&#8220;1_3,1_3,1_3&#8243;][et_pb_column type=&#8220;1_3&#8243; _builder_version=&#8220;3.25&#8243; custom_padding=&#8220;|||&#8220; _i=&#8220;0&#8243; _address=&#8220;0.1.0&#8243; custom_padding__hover=&#8220;|||&#8220;][\/et_pb_column][et_pb_column type=&#8220;1_3&#8243; _builder_version=&#8220;3.25&#8243; custom_padding=&#8220;|||&#8220; _i=&#8220;1&#8243; _address=&#8220;0.1.1&#8243; custom_padding__hover=&#8220;|||&#8220;][\/et_pb_column][et_pb_column type=&#8220;1_3&#8243; _builder_version=&#8220;3.25&#8243; custom_padding=&#8220;|||&#8220; _i=&#8220;2&#8243; _address=&#8220;0.1.2&#8243; custom_padding__hover=&#8220;|||&#8220;][et_pb_button button_url=&#8220;https:\/\/www.dachbau-schmid.de\/?page_id=1356&#8243; button_text=&#8220;Datenschutzerkl\u00e4rung&#8220; admin_label=&#8220;Taste-Dateschutzerkl\u00e4rung&#8220; _builder_version=&#8220;3.16&#8243; custom_button=&#8220;on&#8220; button_text_size=&#8220;28px&#8220; button_text_color=&#8220;#000000&#8243; button_border_width=&#8220;1&#8243; button_border_color=&#8220;#000000&#8243; button_font=&#8220;Yanone Kaffeesatz||||||||&#8220; button_use_icon=&#8220;off&#8220; box_shadow_style=&#8220;preset1&#8243; button_text_color_hover=&#8220;#ffffff&#8220; button_bg_color_hover=&#8220;#e09900&#8243; _i=&#8220;0&#8243; _address=&#8220;0.1.2.0&#8243; button_text_size__hover_enabled=&#8220;off&#8220; button_one_text_size__hover_enabled=&#8220;off&#8220; button_two_text_size__hover_enabled=&#8220;off&#8220; button_text_color__hover_enabled=&#8220;on&#8220; button_text_color__hover=&#8220;#ffffff&#8220; button_one_text_color__hover_enabled=&#8220;off&#8220; button_two_text_color__hover_enabled=&#8220;off&#8220; button_border_width__hover_enabled=&#8220;off&#8220; button_one_border_width__hover_enabled=&#8220;off&#8220; button_two_border_width__hover_enabled=&#8220;off&#8220; button_border_color__hover_enabled=&#8220;off&#8220; button_one_border_color__hover_enabled=&#8220;off&#8220; button_two_border_color__hover_enabled=&#8220;off&#8220; button_border_radius__hover_enabled=&#8220;off&#8220; button_one_border_radius__hover_enabled=&#8220;off&#8220; button_two_border_radius__hover_enabled=&#8220;off&#8220; button_letter_spacing__hover_enabled=&#8220;off&#8220; button_one_letter_spacing__hover_enabled=&#8220;off&#8220; button_two_letter_spacing__hover_enabled=&#8220;off&#8220; button_bg_color__hover_enabled=&#8220;on&#8220; button_bg_color__hover=&#8220;#e09900&#8243; button_one_bg_color__hover_enabled=&#8220;off&#8220; button_two_bg_color__hover_enabled=&#8220;off&#8220;][\/et_pb_button][\/et_pb_column][\/et_pb_row][\/et_pb_section]<\/p>\n","protected":false},"excerpt":{"rendered":"<p>Impressum &nbsp; Zimmerei Schmid GmbH Buchloer Str. 63 86853 Langerringen Telefon: +49 8232\u00a04570 Telefax:+49 8232 74694 info@dachbau-schmid.de &nbsp; Umsatzsteuer-Identifikationsnummer gem\u00e4\u00df \u00a7 27 a Umsatzsteuergesetz: DE127503194 Gesellschaft eingetragen im Handelsregister Amtsgericht Augsburg HRB 9057 Gesch\u00e4ftsf\u00fchrer: Alfons Schmid, Ulrich Schmid Haftungshinweis: Trotz sorgf\u00e4ltiger inhaltlicher Kontrolle \u00fcbernehmen wir keine Haftung f\u00fcr die Inhalte externer Links. F\u00fcr den Inhalt [&hellip;]<\/p>\n","protected":false},"author":1,"featured_media":0,"parent":0,"menu_order":0,"comment_status":"closed","ping_status":"closed","template":"","meta":{"_et_pb_use_builder":"on","_et_pb_old_content":"","_et_gb_content_width":"","footnotes":""},"class_list":["post-164","page","type-page","status-publish","hentry"],"_links":{"self":[{"href":"https:\/\/www.dachbau-schmid.de\/index.php?rest_route=\/wp\/v2\/pages\/164","targetHints":{"allow":["GET"]}}],"collection":[{"href":"https:\/\/www.dachbau-schmid.de\/index.php?rest_route=\/wp\/v2\/pages"}],"about":[{"href":"https:\/\/www.dachbau-schmid.de\/index.php?rest_route=\/wp\/v2\/types\/page"}],"author":[{"embeddable":true,"href":"https:\/\/www.dachbau-schmid.de\/index.php?rest_route=\/wp\/v2\/users\/1"}],"replies":[{"embeddable":true,"href":"https:\/\/www.dachbau-schmid.de\/index.php?rest_route=%2Fwp%2Fv2%2Fcomments&post=164"}],"version-history":[{"count":66,"href":"https:\/\/www.dachbau-schmid.de\/index.php?rest_route=\/wp\/v2\/pages\/164\/revisions"}],"predecessor-version":[{"id":1435,"href":"https:\/\/www.dachbau-schmid.de\/index.php?rest_route=\/wp\/v2\/pages\/164\/revisions\/1435"}],"wp:attachment":[{"href":"https:\/\/www.dachbau-schmid.de\/index.php?rest_route=%2Fwp%2Fv2%2Fmedia&parent=164"}],"curies":[{"name":"wp","href":"https:\/\/api.w.org\/{rel}","templated":true}]}}